*j + 7. Let q be y(8). Suppose q*p + c = 9*p. What is the tens digit of p?
4
Suppose -2*j + 2*t - 6 = 0, 0 = -2*j + j + 2*t - 8. Suppose 642 = j*h + 138. What is the units digit of h?
2
Let o = 45000 + -20091. Suppose -41*n + o = -18*n. What is the tens digit of n?
8
Suppose -4*o = -25 + 1. Suppose -2*k - 1424 = 4*u, -2*u - 5*k + 1438 = -o*u. Let r = -143 - u. What is the units digit of r?
4
Suppose -1040 = 5*l + 1160. Let w = 686 + l. What is the tens digit of w?
4
Suppose -69*s - 31*s = -547900. What is the hundreds digit of s?
4
Let u be -566*10/(-4) + 7. Let k = u - 750. What is the hundreds digit of k?
6
Suppose 194*w - 188*w - 1242 = 0. Suppose 2*c - 5*x - 387 = 0, -3*x + w = -4*c + 974. What is the tens digit of c?
9
Let o(m) = -435*m + 43 + 219*m + 211*m. Let k be o(9). What is the hundreds digit of (k/4)/(2/(-1272))?
3
Suppose 5*z + 3185 = 5*c, -3*z - 3192 = -5*c - 5*z. Suppose -2*n - 444 = -2*q, 34 + c = 3*q - n. What is the tens digit of q?
2
Let n = -20 - -25. Suppose 2*g - 2274 = -n*f, 0*f - 2*f - 5*g = -897. What is the units digit of (f/95)/((-4)/(-30))?
6
Let x(p) = 35*p**3 + 7*p**2 + 15*p + 1. Let i(q) = -17*q**3 - 3*q**2 - 7*q - 1. Let k(h) = 9*i(h) + 4*x(h). What is the tens digit of k(-2)?
0
Let t be ((-6)/(-4))/(9/282). What is the units digit of t - (9 - 1)/(-4)?
9
Let q(r) = 12*r + 1550. Let z(a) = -8*a - 1033. Let w(p) = -5*q(p) - 8*z(p). What is the units digit of w(0)?
4
Suppose 28948 = -14*u + 195868 + 70324. What is the thousands digit of u?
6
Suppose 2*x = -5*r + 58, x - 5*r - 22 = -4*r. Suppose -5*b + 21 - 7 = v, 5*v + 2*b = x. Suppose -392 = -3*s - v*s. What is the tens digit of s?
5
Suppose 22*a - 10*a - 7*a - 55980 = 0. What is the units digit of a?
6
Let r(z) = 86*z**2 + 6*z + 5. Let m be r(5). Suppose 20*n - 2855 = m. What is the tens digit of n?
5
Suppose 144*m = -80*m + 2085216. What is the thousands digit of m?
9
Let o(y) = -48*y + 24. Let v(n) = 87*n - 47. Let t(b) = -9*o(b) - 5*v(b). Suppose 39 = -3*q - 15. What is the tens digit of t(q)?
7
Let z(s) be the first derivative of 2*s**3/3 + 5*s**2/2 - 7*s + 52. Let d be 12*(3 + (-14)/4). What is the units digit of z(d)?
5
Suppose -164*l + 159*l = o - 24493, -l - 4 = 0. What is the ten thousands digit of o?
2
Let f(s) be the third derivative of 2*s**6/45 - s**5/20 - s**4/6 - 4*s**2. Let z(y) be the second derivative of f(y). What is the units digit of z(3)?
0
Suppose 5*a = -10, -4*a = -4*k + 7*k - 151. Suppose k = b - 5*y, -4*b + 3*y + 182 = -2*y. What is the tens digit of b?
4
Let n(j) = 17*j**3 + 35*j**2 - 6*j - 82. What is the units digit of n(9)?
2
Suppose -3*y - 61 = -79. Suppose -3*s = -y, 4*l + 41 = -2*s + 193. Suppose 0 = 4*f - 3*j - l, -5*f + 0*j + 60 = -j. What is the tens digit of f?
1
Suppose 4*j = -4*a + 4, 3*j - 6 = -a - 11. Let w(u) = -8*u**3 + 3*u**2 + 10*u + 19. What is the tens digit of w(j)?
3
Let r be -9 + 1 + 19 + 2*-1. What is the hundreds digit of (3 + -11 + 53)*r?
4
Suppose 69 = -5*a + 4*o, -3*o + 1 = 3*a + 37. Let p(n) = -n**3 - 10*n**2 - 3*n + 2*n - 10 + 3*n - 2*n**2. What is the tens digit of p(a)?
3
Let r = -2602 - -45439. What is the ten thousands digit of r?
4
Suppose 5*h = 56*h + 16*h - 34103. What is the hundreds digit of h?
5
Suppose 11*r - 100361 = -4*u, -3*u + 21*r - 17*r + 75234 = 0. What is the thousands digit of u?
5
What is the hundreds digit of (9598 - 0/(-2))*(-791)/(-226)?
5
Let r(j) = 7519*j**3 - 2*j + 1. What is the hundreds digit of r(1)?
5
Let n = 581 - 1430. Let h = n + 1286. What is the tens digit of h?
3
Suppose 19*y + 6*y = 434293 + 71307. What is the units digit of y?
4
Let j be 199/1 - (0 + 4 + -1). Let l = 581 + j. What is the units digit of l?
7
What is the hundreds digit of (-154360)/(-16) + (-6)/(-24) + (-1)/(-4)?
6
Suppose 2*t = -2*d - 6, 0*t + 4*t + 12 = -2*d. Suppose -61*z + 65*z - 468 = d. What is the units digit of z?
7
Let i = -4199 - -15683. What is the thousands digit of i?
1
Let m = 2417 + -1781. What is the units digit of m?
6
Let v(o) = -5*o**3 + 3*o**2 + 3*o - 1. Let p(t) = -t**3 + 5*t**2 - 5*t - 7. Let c be p(7). Let n = c - -138. What is the tens digit of v(n)?
4
Let p(r) be the first derivative of 5*r**3/3 - 9*r**2/2 + r - 7. Suppose -8*h + 7*h = -4. What is the tens digit of p(h)?
4
What is the thousands digit of -7 + ((-226)/565)/(2/(-11545))?
2
Suppose 4*k - 556556 = -10*i + 38646, -3*k = -24. What is the tens digit of i?
1
Let y = 37 + -37. Suppose 2*f - 78 = -f + 3*p, -4*f + 3*p + 100 = y. What is the tens digit of f?
2
Let h(d) = 22*d - 50. Let l be 450/21 - (-21)/(-49). What is the tens digit of h(l)?
1
Let a(y) = 5*y**3 - 5*y**2 - 6*y + 18. Let z be a(4). Let d be 0/((-2 - -1)/1). What is the tens digit of z + (4 - (-4 + d + 4))?
3
Let x(g) = -g**3 + 5*g**2 - 2*g - 1. Let p be x(5). Let c be (125/(-2))/((22/(-4))/p). Let v = c + 272. What is the units digit of v?
7
Let i = 10287 + -8307. What is the units digit of i?
0
Let s(j) be the second derivative of j**3 - 21*j**2/2 - j. Let f be (72/4 - -4)*3/6. What is the tens digit of s(f)?
4
Suppose 4*h + 0*h - 688 = 0. Let v be 15/(-25) + (-56)/60*-6. Suppose l - v*l = -h. What is the units digit of l?
3
Suppose 5*r - 37 = 4*d, 2*d - 4 = -0*r - 2*r. Let w = 4 + r. Suppose -4*k = -w*k + 320. What is the units digit of k?
4
Let b(d) = 2*d + 14. Let u be b(-7). Let p be (u/((-16)/(-4)))/(-1). Suppose 36*k - 33*k - 285 = p. What is the tens digit of k?
9
Let d = 3306 - 1461. Suppose d - 181 = 4*z. Suppose -2*w + r = -125 - 39, -4*r = -5*w + z. What is the tens digit of w?
8
Suppose 128 = 4*u - 5*s - 64, 4*u + 2*s = 220. Let p = u + -184. Let w = 226 + p. What is the tens digit of w?
9
Let b(l) = 58*l + 79. Let q = -312 + 326. What is the units digit of b(q)?
1
Let y(n) be the second derivative of -20*n**3/3 - 9*n**2/2 - 35*n. Let h be y(4). Let u = -59 - h. What is the hundreds digit of u?
1
Let l = -81 + 72. Let i = 326 + -226. Let g = i + l. What is the tens digit of g?
9
Let s(y) = 2*y + 14. Let d be s(-5). What is the units digit of d + 244 + 0 + 2 + -1?
9
Suppose -29 + 113 = -7*h. Let t = h - -12. Let q = 97 + t. What is the tens digit of q?
9
Let v = -7 + 6. Suppose 7 = 2*o + 3*n - 11, 3*n - 12 = 0. What is the units digit of (-2 - v)/(o/(-33))?
1
Suppose -2*u - 5*x + 10355 = 0, 3*u + 64*x - 15475 = 68*x. What is the hundreds digit of u?
1
Let n = 12402 + -3793. What is the hundreds digit of n?
6
Let x be (2 + -6)/(4/(-2)). Let w be ((-34)/4)/((-15)/(-20)*(-6)/9). Suppose 2*m + w = o - 0*o, x*o - 18 = -4*m. What is the tens digit of o?
1
Suppose -122 = -2*h + 3*y, -5*y - 183 = -h - 2*h. Let n = h + -57. What is the tens digit of (34/3)/(n/30)?
8
Let i = -93 - -33. Let q = -50 - i. Suppose 6*d + 460 = q*d. What is the hundreds digit of d?
1
Let s = 4501 - 1568. Suppose -f - f + 583 = p, -s = -5*p - 4*f. What is the tens digit of p?
8
Let n(d) = 1898*d + 2109. What is the thousands digit of n(6)?
3
Let f(s) = 3811*s**2 - 103*s - 200. What is the tens digit of f(-2)?
5
Let f(a) be the second derivative of -a**4/12 + 13*a**3/3 - 4*a**2 + 43*a. Let w be 0 - -14*(-5)/(-5). What is the hundreds digit of f(w)?
1
Suppose 46 = 5*y + 46. Suppose -2*f + 4*t + 4 = y, 4*f + 12 + 8 = t. What is the hundreds digit of ((-495)/f)/((-24)/(-32))?
1
Let q(u) = 8*u - 20. Let o be q(4). Let w(g) = -g**3 + 13*g**2 - 13*g + 9. Let i be w(o). What is the tens digit of (2 + -1)/(i/(-198))?
6
Let u be (-1326)/8 - (-1)/(-4). Let z = -9728 + 9724. What is the tens digit of 2 + z + 4 - u?
6
Let v(z) = -426*z - 3092. What is the units digit of v(-20)?
8
Suppose 3*t + 19*a - 17164 = 23*a, 2*t - a - 11446 = 0. What is the thousands digit of t?
5
Let o(p) be the second derivative of p**4/3 + 5*p**3/3 - 19*p**2/2 - 2*p. Let h be o(4). Let j = h - 62. What is the tens digit of j?
2
Let v be 5 + (13 + -1)/(-2). What is the tens digit of 552/(v + 3) - -6?
8
Let h(a) = 456 + 313 + a**2 + 6*a - 43. What is the tens digit of h(0)?
2
Suppose 2*s + 5*z + 7 = -0*s, -3*z = -3*s. What is the tens digit of (-26)/(-208) + (2654/16 - s)?
6
Suppose 4*r + 17 = 37. Suppose -4*m + m = 4*a - 83, -r*m + 127 = a. What is the tens digit of m + 4 - (-1 + 0)?
3
Suppose 0 = -3*s - 2*u + 35, 5*s = 26*u - 22*u + 51. Suppose 3*y - o = 271, -s*y + 7*y + 4*o = -364. What is the tens digit of y?